 is the remainder when 84678949 is divided by 3?
1
What is the remainder when 32880 is divided by 44?
12
What is the remainder when 3745377 is divided by 75?
27
What is the remainder when 552738 is divided by 195?
108
What is the remainder when 61292 is divided by 28696?
3900
What is the remainder when 1158 is divided by 790?
368
What is the remainder when 116650 is divided by 28036?
4506
Calculate the remainder when 219071170 is divided by 2235420.
10
What is the remainder when 714378 is divided by 12773?
11863
What is the remainder when 77960 is divided by 9610?
1080
Calculate the remainder when 90994163 is divided by 71.
66
Calculate the remainder when 133069 is divided by 4160.
4109
Calculate the remainder when 121560 is divided by 248.
40
What is the remainder when 424155 is divided by 666?
579
Calculate the remainder when 6390426 is divided by 442.
432
Calculate the remainder when 88777185 is divided by 38582.
3
What is the remainder when 70467013 is divided by 35233502?
9
Calculate the remainder when 5103886 is divided by 1020773.
21
Calculate the remainder when 1160069 is divided by 289924.
373
Calculate the remainder when 1690243 is divided by 1545.
13
What is the remainder when 403947 is divided by 351?
297
Calculate the remainder when 1530500 is divided by 18.
14
What is the remainder when 1684346 is divided by 57?
53
What is the remainder when 29051280 is divided by 5924?
5908
What is the remainder when 345179 is divided by 6506?
361
What is the remainder when 1570593 is divided by 5306?
17
Calculate the remainder when 2742637 is divided by 162.
139
Calculate the remainder when 26793832 is divided by 11.
10
What is the remainder when 28194 is divided by 9386?
36
What is the remainder when 3737698 is divided by 1609?
1600
Calculate the remainder when 1848846 is divided by 513.
507
Calculate the remainder when 340749 is divided by 15874.
7395
Calculate the remainder when 388446 is divided by 55483.
65
Calculate the remainder when 2866766 is divided by 105.
56
What is the remainder when 23645725 is divided by 152?
149
Calculate the remainder when 1879939 is divided by 98.
5
What is the remainder when 331730 is divided by 188?
98
What is the remainder when 4273852 is divided by 1965?
1942
Calculate the remainder when 37061423 is divided by 113.
22
Calculate the remainder when 2221978 is divided by 1110947.
84
Calculate the remainder when 1474812 is divided by 823.
819
What is the remainder when 3249739 is divided by 1082659?
1762
Calculate the remainder when 977112 is divided by 9218.
4
What is the remainder when 3185605 is divided by 3185602?
3
What is the remainder when 11938239 is divided by 541?
533
Calculate the remainder when 1022837 is divided by 42617.
29
Calculate the remainder when 193436 is divided by 93.
89
What is the remainder when 22735 is divided by 3228?
139
What is the remainder when 2317 is divided by 10?
7
What is the remainder when 1050743 is divided by 423?
11
Calculate the remainder when 5660 is divided by 3606.
2054
Calculate the remainder when 361427 is divided by 2490.
377
What is the remainder when 20913789 is divided by 366908?
33
What is the remainder when 1790745 is divided by 633?
621
What is the remainder when 129217 is divided by 4166?
71
Calculate the remainder when 191651 is divided by 969.
758
Calculate the remainder when 15415 is divided by 1144.
543
What is the remainder when 157581 is divided by 78419?
743
Calculate the remainder when 157583 is divided by 306.
299
What is the remainder when 523283 is divided by 211?
3
What is the remainder when 5724407 is divided by 8?
7
Calculate the remainder when 3756448 is divided by 70.
38
Calculate the remainder when 30787328 is divided by 185.
183
What is the remainder when 77251 is divided by 76728?
523
Calculate the remainder when 5744259 is divided by 150.
9
Calculate the remainder when 509728533 is divided by 1032.
1029
Calculate the remainder when 101331 is divided by 50018.
1295
What is the remainder when 28223476 is divided by 125?
101
Calculate the remainder when 80066 is divided by 5242.
1436
What is the remainder when 811439 is divided by 880?
79
Calculate the remainder when 597183 is divided by 738.
141
Calculate the remainder when 162384280 is divided by 6.
4
Calculate the remainder when 371105 is divided by 5300.
105
Calculate the remainder when 126753 is divided by 444.
213
What is the remainder when 2878379 is divided by 153?
143
What is the remainder when 433892 is divided by 101?
97
Calculate the remainder when 5694497 is divided by 1750.
1747
Calculate the remainder when 259288 is divided by 134.
132
Calculate the remainder when 158959 is divided by 26380.
679
What is the remainder when 1536055 is divided by 542?
27
Calculate the remainder when 39477165 is divided by 13159052.
9
Calculate the remainder when 195334 is divided by 17747.
117
Calculate the remainder when 499530 is divided by 45410.
20
What is the remainder when 325991 is divided by 562?
31
Calculate the remainder when 85828192 is divided by 37.
32
What is the remainder when 893780 is divided by 38860?
0
What is the remainder when 59177 is divided by 58808?
369
What is the remainder when 362702168 is divided by 57?
53
Calculate the remainder when 202135 is divided by 38.
13
What is the remainder when 629252 is divided by 17?
14
What is the remainder when 1402682 is divided by 1523?
1522
Calculate the remainder when 2361375 is divided by 2048.
31
What is the remainder when 274167 is divided by 27412?
47
Calculate the remainder when 6745156 is divided by 177504.
4
What is the remainder when 43811 is divided by 285?
206
What is the remainder when 3124243 is divided by 79?
30
Calculate the remainder when 189360466 is divided by 901.
900
What is the remainder when 976457 is divided by 501?
8
What is the remainder when 118447437 is divided by 19?
12
Calculate the remainder when 6181294 is divided by 1545303.
82
Calculate the remainder when 69382145 is divided by 42.
35
Calculate the remainder when 331421 is divided by 3993.
2
What is the remainder when 156305 is divided by 5782?
191
What is the remainder when 37498160 is divided by 122?
118
Calculate the remainder when 409495293 is divided by 2432.
2429
What is the remainder when 6142 is divided by 1694?
1060
What is the remainder when 1441846 is divided by 1440909?
937
What is the remainder when 3241215 is divided by 324111?
105
Calculate the remainder when 6702592 is divided by 781.
50
Calculate the remainder when 2306303 is divided by 2574.
2573
Calculate the remainder when 116106243 is divided by 38702078.
9
What is the remainder when 41283 is divided by 18521?
4241
What is the remainder when 1386617 is divided by 1386596?
21
What is the remainder when 5188931552 is divided by 1286?
1284
What is the remainder when 2660630 is divided by 886832?
134
What is the remainder when 933772 is divided by 3092?
3080
What is the remainder when 24211845 is divided by 203?
35
Calculate the remainder when 1316553 is divided by 33757.
30
What is the remainder when 2841635 is divided by 80?
35
What is the remainder when 205609 is divided by 128?
41
What is the remainder when 7482 is divided by 822?
84
What is the remainder when 193445 is divided by 7438?
57
What is the remainder when 445612 is divided by 575?
562
What is the remainder when 7234192 is divided by 2373?
1288
Calculate the remainder when 2636794 is divided by 1209.
1174
What is the remainder when 20805802 is divided by 155?
152
What is the remainder when 5993493 is divided by 12?
9
What is the remainder when 6647732 is divided by 2215909?
5
What is the remainder when 279910 is divided by 251?
45
What is the remainder when 25555022 is divided by 12777499?
24
Calculate the remainder when 94589 is divided by 3421.
2222
Calculate the remainder when 15658507 is divided by 20878.
7
Calculate the remainder when 18830950 is divided by 55.
50
Calculate the remainder when 364453 is divided by 278.
273
What is the remainder when 63964 is divided by 236?
8
Calculate the remainder when 77470092 is divided by 24.
12
Calculate the remainder when 647547 is divided by 52.
43
Calculate the remainder when 794076 is divided by 134.
126
Calculate the remainder when 130959 is divided by 7274.
27
Calc